 the prime factors of 18638?
2, 9319
List the prime factors of 1376.
2, 43
What are the prime factors of 26877?
3, 17, 31
List the prime factors of 9498.
2, 3, 1583
List the prime factors of 3373.
3373
List the prime factors of 1803.
3, 601
List the prime factors of 228.
2, 3, 19
What are the prime factors of 13587?
3, 7, 647
What are the prime factors of 1852?
2, 463
What are the prime factors of 11475?
3, 5, 17
What are the prime factors of 2697?
3, 29, 31
List the prime factors of 10.
2, 5
List the prime factors of 2059.
29, 71
What are the prime factors of 19347?
3, 6449
What are the prime factors of 67940?
2, 5, 43, 79
List the prime factors of 1993.
1993
What are the prime factors of 648?
2, 3
What are the prime factors of 2324?
2, 7, 83
List the prime factors of 7699.
7699
What are the prime factors of 2178?
2, 3, 11
List the prime factors of 119800.
2, 5, 599
What are the prime factors of 9852?
2, 3, 821
What are the prime factors of 101672?
2, 71, 179
List the prime factors of 7723.
7723
What are the prime factors of 2006?
2, 17, 59
What are the prime factors of 10805?
5, 2161
List the prime factors of 3418.
2, 1709
What are the prime factors of 3019?
3019
What are the prime factors of 1464?
2, 3, 61
What are the prime factors of 48347?
13, 3719
What are the prime factors of 12241?
12241
List the prime factors of 35825.
5, 1433
List the prime factors of 40574.
2, 20287
List the prime factors of 70173.
3, 23, 113
List the prime factors of 2670.
2, 3, 5, 89
What are the prime factors of 13777?
23, 599
List the prime factors of 3814.
2, 1907
List the prime factors of 1498.
2, 7, 107
List the prime factors of 1845.
3, 5, 41
List the prime factors of 4928.
2, 7, 11
What are the prime factors of 133311?
3, 37, 1201
List the prime factors of 1554.
2, 3, 7, 37
List the prime factors of 49396.
2, 53, 233
What are the prime factors of 3962?
2, 7, 283
What are the prime factors of 25420?
2, 5, 31, 41
What are the prime factors of 31263?
3, 17, 613
What are the prime factors of 178921?
178921
List the prime factors of 1624.
2, 7, 29
List the prime factors of 1264.
2, 79
List the prime factors of 668.
2, 167
List the prime factors of 5159.
7, 11, 67
What are the prime factors of 60678?
2, 3, 3371
List the prime factors of 30068.
2, 7517
What are the prime factors of 270?
2, 3, 5
List the prime factors of 2479.
37, 67
What are the prime factors of 10174?
2, 5087
What are the prime factors of 1520?
2, 5, 19
List the prime factors of 3678.
2, 3, 613
List the prime factors of 16409.
61, 269
List the prime factors of 7874.
2, 31, 127
List the prime factors of 1223.
1223
List the prime factors of 48557.
59, 823
List the prime factors of 1686.
2, 3, 281
What are the prime factors of 563?
563
What are the prime factors of 969?
3, 17, 19
List the prime factors of 51067.
223, 229
What are the prime factors of 103690?
2, 5, 10369
List the prime factors of 4681.
31, 151
List the prime factors of 14878.
2, 43, 173
What are the prime factors of 4316?
2, 13, 83
List the prime factors of 5382.
2, 3, 13, 23
List the prime factors of 4441.
4441
List the prime factors of 3493.
7, 499
List the prime factors of 683.
683
What are the prime factors of 63663?
3, 21221
List the prime factors of 13799.
13799
What are the prime factors of 12677?
7, 1811
What are the prime factors of 28811?
47, 613
List the prime factors of 571.
571
List the prime factors of 13427.
29, 463
What are the prime factors of 60000?
2, 3, 5
List the prime factors of 425.
5, 17
List the prime factors of 569.
569
What are the prime factors of 35137?
41, 857
List the prime factors of 11539.
11, 1049
What are the prime factors of 3550?
2, 5, 71
List the prime factors of 25966.
2, 12983
What are the prime factors of 1954?
2, 977
What are the prime factors of 82505?
5, 29, 569
What are the prime factors of 1246?
2, 7, 89
List the prime factors of 205.
5, 41
List the prime factors of 32035.
5, 43, 149
What are the prime factors of 1515?
3, 5, 101
What are the prime factors of 21573?
3, 17, 47
List the prime factors of 71591.
13, 5507
List the prime factors of 8972.
2, 2243
What are the prime factors of 5206?
2, 19, 137
List the prime factors of 4410.
2, 3, 5, 7
List the prime factors of 7315.
5, 7, 11, 19
What are the prime factors of 7525?
5, 7, 43
List the prime factors of 2259.
3, 251
List the prime factors of 8200.
2, 5, 41
What are the prime factors of 6054?
2, 3, 1009
What are the prime factors of 1200?
2, 3, 5
What are the prime factors of 1782?
2, 3, 11
What are the prime factors of 6847?
41, 167
List the prime factors of 3103.
29, 107
List the prime factors of 93638.
2, 46819
What are the prime factors of 28489?
31, 919
What are the prime factors of 21386?
2, 17, 37
List the prime factors of 45708.
2, 3, 13, 293
What are the prime factors of 13833?
3, 29, 53
List the prime factors of 1468.
2, 367
List the prime factors of 66355.
5, 23, 577
List the prime factors of 2390.
2, 5, 239
What are the prime factors of 8360?
2, 5, 11, 19
What are the prime factors of 10241?
7, 11, 19
List the prime factors of 62969.
62969
List the prime factors of 42393.
3, 13, 1087
List the prime factors of 7819.
7, 1117
List the prime factors of 815.
5, 163
What are the prime factors of 1485?
3, 5, 11
List the prime factors of 7694.
2, 3847
List the prime factors of 1221.
3, 11, 37
List the prime factors of 3947.
3947
What are the prime factors of 170636?
2, 29, 1471
What are the prime factors of 1547?
7, 13, 17
What are the prime factors of 20401?
23, 887
List the prime factors of 68134.
2, 11, 19, 163
What are the prime factors of 36420?
2, 3, 5, 607
What are the prime factors of 2658?
2, 3, 443
List the prime factors of 21605.
5, 29, 149
List the prime factors of 2537.
43, 59
List the prime factors of 15601.
15601
List the prime factors of 87420.
2, 3, 5, 31, 47
List the prime factors of 1427.
1427
List the prime factors of 5209.
5209
What are the prime factors of 10140?
2, 3, 5, 13
What are the prime factors of 1666?
2, 7, 17
List the prime factors of 5952.
2, 3, 31
What are the prime factors of 787?
787
List the prime factors of 585.
3, 5, 13
List the prime factors of 54481.
7, 43, 181
What are the prime factors of 2844?
2, 3, 79
List the prime factors of 4103.
11, 373
List the prime factors of 15014.
2, 7507
List the prime factors of 22369.
22369
What are the prime factors of 3514?
2, 7, 251
List the prime factors of 14453.
97, 149
List the prime factors of 7543.
19, 397
What are the prime factors of 2561?
13, 197
What are the prime factors of 2227?
17, 131
List the prime factors of 651.
3, 7, 31
What are the prime factors of 50557?
13, 3889
List the prime factors of 19292.
2, 7, 13, 53
What are the prime factors of 24874?
2, 12437
What are the prime factors of 43687?
7, 79
What are the prime factors of 10337?
10337
List the prime factors of 125.
5
List the prime factors of 37569.
3, 7, 1789
List the prime factors of 2728.
2, 11, 31
What are the prime factors of 8422?
2, 4211
List the prime factors of 6379.
6379
What are the prime factors of 384?
2, 3
List the prime factors of 1763.
41, 43
What are the prime factors of 247?
13, 19
List the prime factors of 12837.
3, 11, 389
List the prime factors of 4313.
19, 227
List the prime factors of 8901.
3, 23, 43
List the prime factors of 308.
2, 7, 11
What are the prime factors of 342?
2, 3, 19
What are the prime factors of 54027?
3, 23, 29
List the prime factors of 6842.
2, 11, 311
List the prime factors of 2511.
3, 31
List the prime factors of 89728.
2, 701
List the prime factors of 13236.
2, 3, 1103
What are the prime factors of 1887?
3, 17, 37
List the prime factors of 249.
3, 83
List the prime factors of 86279.
19, 239
What are the prime factors of 5540?
2, 5, 277
What are the prime factors of 7796?
2, 1949
List the prime factors of 3134.
2, 1567
What are the prime factors of 2355?
3, 5, 157
List the prime factors of 28725.
3, 5, 383
What are the prime factors of 41710?
2, 5, 43, 97
List the prime factors of 1536.
2, 3
List the prime factors of 5014.
2, 23, 109
What are the prime factors of 1938?
2, 3, 17, 19
What are the prime factors of 11254?
2, 17, 331
List the prime factors of 275.
5, 11
List the prime factors of 119.
7, 17
What are the prime factors of 452